{"id":55,"date":"2016-06-26T14:21:11","date_gmt":"2016-06-26T12:21:11","guid":{"rendered":"http:\/\/ultrawyrypa.pl\/?page_id=55"},"modified":"2016-06-26T14:25:07","modified_gmt":"2016-06-26T12:25:07","slug":"wyrypany-ja","status":"publish","type":"page","link":"https:\/\/ultrawyrypa.pl\/index.php\/wyrypany-ja\/","title":{"rendered":"Wyrypany ja&#8230;"},"content":{"rendered":"<p>Od autora\u2026<\/p>\n<p>\u2026co jakiego autora?:) Ode mnie, cz\u0142owieka, kt\u00f3ry czasami ma cos do powiedzenia, ale czasami nie. Tak czy inaczej je\u017celi ju\u017c tutaj dotarli\u015bcie to znaczy, \u017ce albo mnie znacie prywatnie albo s\u0142owo \u201eWyrypa\u201d nie jest Wam obce.<\/p>\n<p><strong>UltraWyrypa<\/strong> to miejsce, gdzie b\u0119d\u0119 istnia\u0142 jako tw\u00f3rca czego\u015b, a Wy b\u0119dziecie mogli te twory zobaczy\u0107, przeczyta\u0107, skomentowa\u0107 czy oceni\u0107<strong>. UltraWyrypa<\/strong> to miejsc, gdzie b\u0119d\u0119 dzieli\u0142 si\u0119 z Wami moimi do\u015bwiadczeniami, g\u0142\u00f3wnie o tematyce sportowej, przygodowej ale tak\u017ce dotycz\u0105cej stylu \u017cycia czy gad\u017cet\u00f3w , kt\u00f3re owy styl poprawiaj\u0105 lub\u2026 nie poprawiaj\u0105. Wreszcie <strong>UltraWyrypa<\/strong> to cywilizowana wersja poprzednich internetowych pr\u00f3b przekazywania tre\u015bci.<\/p>\n<p>A wiec (<strong>SALG<\/strong>): \u00a0sport, adventure, lifestyle and gadget\u2026<\/p>\n<p>Konstrukcyjnie, UltraWyrypa to medialna kontynuacja inicjatywy <strong>GAPMONT<\/strong> (<a href=\"http:\/\/gapmont.com\">http:\/\/gapmont.com<\/a>) \u2013 \u201e<strong>Friendship and Passion<\/strong>\u201d a w zasadzie jej przygodowo-sportowego charakteru.<\/p>\n<p>Generalnie UltraWyrypa nie b\u0119dzie mia\u0142a ogranicze\u0144. Artyku\u0142y, zdj\u0119cia, filmy, kt\u00f3re tu zobaczycie mog\u0105 by\u0107 bardzo r\u00f3\u017cnorodne \u2013 w znakomitej wi\u0119kszo\u015bci b\u0119d\u0105 jednak dotyczy\u0107 <strong>SALG<\/strong>.<\/p>\n<p>Par\u0119 informacji rejestrowych (o autorze):<\/p>\n<ul>\n<li>Imie: <strong>Marcin,<\/strong><\/li>\n<li>Rozmiar buta: <strong>44,5,<\/strong><\/li>\n<li>Kolor komputera: <strong>srebrny,<\/strong><\/li>\n<li>Ilo\u015b\u0107 kilometr\u00f3w przebiegni\u0119tych na zawodach: <strong>3121<\/strong> (stan na dzie\u0144 23.04.2016),<\/li>\n<li>Ilo\u015b\u0107 \u017con: <strong>1,<\/strong><\/li>\n<li>Ilo\u015b\u0107 rower\u00f3w przypadaj\u0105ca na jednego cz\u0142onka rodzin: <strong>1,<\/strong><\/li>\n<li>Ulubiony dystans biegowy: <strong>ULTRA oraz \u201edo najbli\u017cszego sklepu po piwo\u201d,<\/strong><img loading=\"lazy\" decoding=\"async\" class=\"aligncenter size-full wp-image-59\" src=\"http:\/\/ultrawyrypa.pl\/wp-content\/uploads\/2016\/06\/120424-133529_3.jpg\" alt=\"Thats me...\" width=\"1024\" height=\"768\" srcset=\"https:\/\/ultrawyrypa.pl\/wp-content\/uploads\/2016\/06\/120424-133529_3.jpg 1024w, https:\/\/ultrawyrypa.pl\/wp-content\/uploads\/2016\/06\/120424-133529_3-300x225.jpg 300w, https:\/\/ultrawyrypa.pl\/wp-content\/uploads\/2016\/06\/120424-133529_3-768x576.jpg 768w\" sizes=\"auto, (max-width: 1024px) 100vw, 1024px\" \/><\/li>\n<\/ul>\n<p>autor: MarcinM (matys)<\/p>\n","protected":false},"excerpt":{"rendered":"<p>Od autora\u2026 \u2026co jakiego autora?:) Ode mnie, cz\u0142owieka, kt\u00f3ry czasami ma cos do powiedzenia, ale czasami nie. Tak czy inaczej&#46;&#46;&#46;<\/p>\n","protected":false},"author":1,"featured_media":0,"parent":0,"menu_order":0,"comment_status":"closed","ping_status":"closed","template":"","meta":{"footnotes":""},"class_list":["post-55","page","type-page","status-publish","hentry"],"_links":{"self":[{"href":"https:\/\/ultrawyrypa.pl\/index.php\/wp-json\/wp\/v2\/pages\/55","targetHints":{"allow":["GET"]}}],"collection":[{"href":"https:\/\/ultrawyrypa.pl\/index.php\/wp-json\/wp\/v2\/pages"}],"about":[{"href":"https:\/\/ultrawyrypa.pl\/index.php\/wp-json\/wp\/v2\/types\/page"}],"author":[{"embeddable":true,"href":"https:\/\/ultrawyrypa.pl\/index.php\/wp-json\/wp\/v2\/users\/1"}],"replies":[{"embeddable":true,"href":"https:\/\/ultrawyrypa.pl\/index.php\/wp-json\/wp\/v2\/comments?post=55"}],"version-history":[{"count":4,"href":"https:\/\/ultrawyrypa.pl\/index.php\/wp-json\/wp\/v2\/pages\/55\/revisions"}],"predecessor-version":[{"id":62,"href":"https:\/\/ultrawyrypa.pl\/index.php\/wp-json\/wp\/v2\/pages\/55\/revisions\/62"}],"wp:attachment":[{"href":"https:\/\/ultrawyrypa.pl\/index.php\/wp-json\/wp\/v2\/media?parent=55"}],"curies":[{"name":"wp","href":"https:\/\/api.w.org\/{rel}","templated":true}]}}